Last updated on 2024-05-04 03:50:14 CEST.
Flavor | Version | Tinstall | Tcheck | Ttotal | Status | Flags |
---|---|---|---|---|---|---|
r-devel-linux-x86_64-debian-clang | 0.13.0 | 6.39 | 72.52 | 78.91 | OK | |
r-devel-linux-x86_64-fedora-clang | 0.13.0 | 103.59 | OK | |||
r-devel-linux-x86_64-fedora-gcc | 0.13.0 | 102.77 | OK | |||
r-devel-windows-x86_64 | 0.13.0 | 6.00 | 71.00 | 77.00 | OK | |
r-patched-linux-x86_64 | 0.13.0 | 5.11 | 68.09 | 73.20 | OK | |
r-release-linux-x86_64 | 0.13.0 | 5.84 | 66.99 | 72.83 | OK | |
r-release-macos-arm64 | 0.13.0 | 29.00 | OK | |||
r-release-macos-x86_64 | 0.13.0 | 61.00 | OK | |||
r-release-windows-x86_64 | 0.13.0 | 6.00 | 72.00 | 78.00 | OK | |
r-oldrel-macos-arm64 | 0.13.0 | 5.00 | ERROR | |||
r-oldrel-macos-x86_64 | 0.13.0 | 59.00 | OK | |||
r-oldrel-windows-x86_64 | 0.13.0 | 8.00 | 84.00 | 92.00 | OK |
Version: 0.13.0
Check: package dependencies
Result: ERROR
Package required but not available: ‘aroma.core’
See section ‘The DESCRIPTION file’ in the ‘Writing R Extensions’
manual.
Flavor: r-oldrel-macos-arm64
These binaries (installable software) and packages are in development.
They may not be fully stable and should be used with caution. We make no claims about them.