Last updated on 2024-05-04 03:50:14 CEST.
Flavor | Version | Tinstall | Tcheck | Ttotal | Status | Flags |
---|---|---|---|---|---|---|
r-devel-linux-x86_64-debian-clang | 0.5.7 | 5.58 | 88.82 | 94.40 | OK | |
r-devel-linux-x86_64-fedora-clang | 0.5.7 | 120.28 | NOTE | |||
r-devel-linux-x86_64-fedora-gcc | 0.5.7 | 127.41 | NOTE | |||
r-devel-windows-x86_64 | 0.5.7 | 7.00 | 106.00 | 113.00 | OK | |
r-patched-linux-x86_64 | 0.5.7 | 8.22 | 85.40 | 93.62 | OK | |
r-release-linux-x86_64 | 0.5.7 | 5.72 | 85.74 | 91.46 | OK | |
r-release-macos-arm64 | 0.5.7 | 62.00 | OK | |||
r-release-macos-x86_64 | 0.5.7 | 133.00 | OK | |||
r-release-windows-x86_64 | 0.5.7 | 8.00 | 104.00 | 112.00 | OK | |
r-oldrel-macos-arm64 | 0.5.7 | 61.00 | OK | |||
r-oldrel-macos-x86_64 | 0.5.7 | 137.00 | OK | |||
r-oldrel-windows-x86_64 | 0.5.7 | 9.00 | 116.00 | 125.00 | OK |
Version: 0.5.7
Check: data for non-ASCII characters
Result: NOTE
Note: found 23 marked UTF-8 strings
Flavors: r-devel-linux-x86_64-fedora-clang, r-devel-linux-x86_64-fedora-gcc
These binaries (installable software) and packages are in development.
They may not be fully stable and should be used with caution. We make no claims about them.