Last updated on 2024-05-04 03:50:14 CEST.
Flavor | Version | Tinstall | Tcheck | Ttotal | Status | Flags |
---|---|---|---|---|---|---|
r-devel-linux-x86_64-debian-clang | 3.0-5 | 3.08 | 27.00 | 30.08 | NOTE | |
r-devel-linux-x86_64-fedora-clang | 3.0-5 | 38.78 | NOTE | |||
r-devel-linux-x86_64-fedora-gcc | 3.0-5 | 37.32 | NOTE | |||
r-devel-windows-x86_64 | 3.0-5 | 7.00 | 51.00 | 58.00 | NOTE | |
r-patched-linux-x86_64 | 3.0-5 | 3.89 | 25.53 | 29.42 | NOTE | |
r-release-linux-x86_64 | 3.0-5 | 3.40 | 25.91 | 29.31 | NOTE | |
r-release-macos-arm64 | 3.0-5 | 16.00 | NOTE | |||
r-release-windows-x86_64 | 3.0-5 | 6.00 | 53.00 | 59.00 | NOTE | |
r-oldrel-macos-arm64 | 3.0-5 | 18.00 | NOTE | |||
r-oldrel-macos-x86_64 | 3.0-5 | 23.00 | NOTE | |||
r-oldrel-windows-x86_64 | 3.0-5 | 5.00 | 53.00 | 58.00 | NOTE |
Version: 3.0-5
Check: Rd files
Result: NOTE
checkRd: (-1) States.Rd:48: Escaped LaTeX specials: \$
Flavors: r-devel-linux-x86_64-debian-clang, r-devel-linux-x86_64-fedora-clang, r-devel-linux-x86_64-fedora-gcc, r-devel-windows-x86_64, r-patched-linux-x86_64, r-release-linux-x86_64, r-release-macos-arm64, r-release-windows-x86_64, r-oldrel-macos-arm64, r-oldrel-macos-x86_64, r-oldrel-windows-x86_64
These binaries (installable software) and packages are in development.
They may not be fully stable and should be used with caution. We make no claims about them.