Last updated on 2024-05-04 03:50:14 CEST.
Flavor | Version | Tinstall | Tcheck | Ttotal | Status | Flags |
---|---|---|---|---|---|---|
r-devel-linux-x86_64-debian-clang | 0.4.9 | 3.98 | 50.41 | 54.39 | NOTE | |
r-devel-linux-x86_64-fedora-clang | 0.4.9 | 67.76 | NOTE | |||
r-devel-linux-x86_64-fedora-gcc | 0.4.9 | 79.00 | NOTE | |||
r-devel-windows-x86_64 | 0.4.9 | 3.00 | 88.00 | 91.00 | NOTE | |
r-patched-linux-x86_64 | 0.4.9 | 4.28 | 49.64 | 53.92 | NOTE | |
r-release-linux-x86_64 | 0.4.9 | 3.58 | 49.49 | 53.07 | NOTE | |
r-release-macos-arm64 | 0.4.9 | 31.00 | NOTE | |||
r-release-windows-x86_64 | 0.4.9 | 4.00 | 88.00 | 92.00 | NOTE | |
r-oldrel-macos-arm64 | 0.4.9 | 131.00 | OK | |||
r-oldrel-macos-x86_64 | 0.4.9 | 166.00 | OK | |||
r-oldrel-windows-x86_64 | 0.4.9 | 4.00 | 84.00 | 88.00 | OK |
Version: 0.4.9
Check: Rd files
Result: NOTE
checkRd: (-1) fitweibull.Rd:51: Lost braces in \itemize; \value handles \item{}{} directly
checkRd: (-1) fitweibull.Rd:52: Lost braces in \itemize; \value handles \item{}{} directly
checkRd: (-1) fitweibull.Rd:53: Lost braces in \itemize; \value handles \item{}{} directly
Flavors: r-devel-linux-x86_64-debian-clang, r-devel-linux-x86_64-fedora-clang, r-devel-linux-x86_64-fedora-gcc, r-devel-windows-x86_64, r-patched-linux-x86_64, r-release-linux-x86_64, r-release-macos-arm64, r-release-windows-x86_64
These binaries (installable software) and packages are in development.
They may not be fully stable and should be used with caution. We make no claims about them.