Last updated on 2024-05-04 03:50:14 CEST.
Flavor | Version | Tinstall | Tcheck | Ttotal | Status | Flags |
---|---|---|---|---|---|---|
r-devel-linux-x86_64-debian-clang | 0.10.5 | 15.46 | 413.97 | 429.43 | OK | |
r-devel-linux-x86_64-fedora-clang | 0.10.5 | 553.38 | NOTE | |||
r-devel-linux-x86_64-fedora-gcc | 0.10.5 | 585.68 | OK | |||
r-devel-windows-x86_64 | 0.10.5 | 14.00 | 276.00 | 290.00 | NOTE | |
r-patched-linux-x86_64 | 0.10.5 | 16.10 | 414.93 | 431.03 | OK | |
r-release-linux-x86_64 | 0.10.5 | 11.18 | 416.43 | 427.61 | OK | |
r-release-macos-arm64 | 0.10.5 | 153.00 | NOTE | |||
r-release-macos-x86_64 | 0.10.5 | 462.00 | NOTE | |||
r-release-windows-x86_64 | 0.10.5 | 14.00 | 280.00 | 294.00 | NOTE | |
r-oldrel-macos-arm64 | 0.10.5 | 156.00 | NOTE | |||
r-oldrel-macos-x86_64 | 0.10.5 | 355.00 | NOTE | |||
r-oldrel-windows-x86_64 | 0.10.5 | 18.00 | 351.00 | 369.00 | NOTE |
Version: 0.10.5
Check: installed package size
Result: NOTE
installed size is 6.7Mb
sub-directories of 1Mb or more:
doc 5.4Mb
Flavors: r-devel-linux-x86_64-fedora-clang, r-devel-windows-x86_64, r-release-macos-arm64, r-release-macos-x86_64, r-release-windows-x86_64, r-oldrel-macos-arm64, r-oldrel-macos-x86_64, r-oldrel-windows-x86_64
These binaries (installable software) and packages are in development.
They may not be fully stable and should be used with caution. We make no claims about them.