Last updated on 2024-05-04 03:50:15 CEST.
Flavor | Version | Tinstall | Tcheck | Ttotal | Status | Flags |
---|---|---|---|---|---|---|
r-devel-linux-x86_64-debian-clang | 1.5.0 | 234.23 | 151.98 | 386.21 | NOTE | |
r-devel-linux-x86_64-fedora-clang | 1.5.0 | 569.79 | NOTE | |||
r-devel-linux-x86_64-fedora-gcc | 1.5.0 | 519.02 | NOTE | |||
r-devel-windows-x86_64 | 1.5.0 | 192.00 | 151.00 | 343.00 | NOTE | |
r-patched-linux-x86_64 | 1.5.0 | 208.11 | 141.36 | 349.47 | NOTE | |
r-release-linux-x86_64 | 1.5.0 | 217.54 | 142.20 | 359.74 | NOTE | |
r-release-macos-arm64 | 1.5.0 | 100.00 | NOTE | |||
r-release-windows-x86_64 | 1.5.0 | 188.00 | 151.00 | 339.00 | NOTE | |
r-oldrel-macos-arm64 | 1.5.0 | 129.00 | NOTE | |||
r-oldrel-macos-x86_64 | 1.5.0 | 193.00 | NOTE | |||
r-oldrel-windows-x86_64 | 1.5.0 | 228.00 | 187.00 | 415.00 | NOTE |
Version: 1.5.0
Check: C++ specification
Result: NOTE
Specified C++11: please drop specification unless essential
Flavors: r-devel-linux-x86_64-debian-clang, r-devel-linux-x86_64-fedora-clang, r-devel-linux-x86_64-fedora-gcc, r-devel-windows-x86_64, r-patched-linux-x86_64, r-release-linux-x86_64, r-release-macos-arm64, r-release-windows-x86_64, r-oldrel-macos-arm64, r-oldrel-macos-x86_64, r-oldrel-windows-x86_64
Version: 1.5.0
Check: for GNU extensions in Makefiles
Result: NOTE
GNU make is a SystemRequirements.
Flavors: r-devel-linux-x86_64-debian-clang, r-devel-linux-x86_64-fedora-clang, r-devel-linux-x86_64-fedora-gcc, r-devel-windows-x86_64, r-patched-linux-x86_64, r-release-linux-x86_64, r-release-macos-arm64, r-release-windows-x86_64, r-oldrel-macos-arm64, r-oldrel-macos-x86_64, r-oldrel-windows-x86_64
Version: 1.5.0
Check: installed package size
Result: NOTE
installed size is 7.3Mb
sub-directories of 1Mb or more:
libs 6.4Mb
Flavors: r-release-macos-arm64, r-oldrel-macos-arm64, r-oldrel-macos-x86_64
These binaries (installable software) and packages are in development.
They may not be fully stable and should be used with caution. We make no claims about them.