Last updated on 2024-05-04 03:50:15 CEST.
Flavor | Version | Tinstall | Tcheck | Ttotal | Status | Flags |
---|---|---|---|---|---|---|
r-devel-linux-x86_64-debian-clang | 1.0.2 | 87.52 | 137.63 | 225.15 | NOTE | |
r-devel-linux-x86_64-fedora-clang | 1.0.2 | 303.23 | NOTE | |||
r-devel-linux-x86_64-fedora-gcc | 1.0.2 | 323.73 | NOTE | |||
r-devel-windows-x86_64 | 1.0.2 | 71.00 | 136.00 | 207.00 | NOTE | |
r-patched-linux-x86_64 | 1.0.2 | 82.57 | 130.60 | 213.17 | NOTE | |
r-release-linux-x86_64 | 1.0.2 | 83.75 | 132.57 | 216.32 | NOTE | |
r-release-macos-arm64 | 1.0.2 | 76.00 | NOTE | |||
r-release-macos-x86_64 | 1.0.2 | 155.00 | NOTE | |||
r-release-windows-x86_64 | 1.0.2 | 74.00 | 132.00 | 206.00 | NOTE | |
r-oldrel-macos-arm64 | 1.0.2 | 76.00 | NOTE | |||
r-oldrel-macos-x86_64 | 1.0.2 | 131.00 | NOTE | |||
r-oldrel-windows-x86_64 | 1.0.2 | 89.00 | 162.00 | 251.00 | NOTE |
Version: 1.0.2
Check: package dependencies
Result: NOTE
Package suggested but not available for checking: ‘rkeops’
Flavors: r-devel-linux-x86_64-debian-clang, r-devel-linux-x86_64-fedora-clang, r-devel-linux-x86_64-fedora-gcc, r-devel-windows-x86_64, r-patched-linux-x86_64, r-release-linux-x86_64, r-release-windows-x86_64, r-oldrel-windows-x86_64
Version: 1.0.2
Check: installed package size
Result: NOTE
installed size is 7.5Mb
sub-directories of 1Mb or more:
R 2.3Mb
libs 4.5Mb
Flavors: r-release-macos-arm64, r-release-macos-x86_64, r-oldrel-macos-arm64, r-oldrel-macos-x86_64
These binaries (installable software) and packages are in development.
They may not be fully stable and should be used with caution. We make no claims about them.