Last updated on 2024-05-04 03:50:15 CEST.
Flavor | Version | Tinstall | Tcheck | Ttotal | Status | Flags |
---|---|---|---|---|---|---|
r-devel-linux-x86_64-debian-clang | 0.9.5 | 26.17 | 293.76 | 319.93 | OK | |
r-devel-linux-x86_64-fedora-clang | 0.9.5 | 389.90 | OK | |||
r-devel-linux-x86_64-fedora-gcc | 0.9.5 | 355.57 | OK | |||
r-devel-windows-x86_64 | 0.9.5 | 25.00 | 172.00 | 197.00 | OK | |
r-patched-linux-x86_64 | 0.9.5 | 33.12 | 275.68 | 308.80 | OK | |
r-release-linux-x86_64 | 0.9.5 | 23.99 | 276.44 | 300.43 | OK | |
r-release-macos-arm64 | 0.9.5 | 84.00 | OK | |||
r-release-macos-x86_64 | 0.9.5 | 265.00 | NOTE | |||
r-release-windows-x86_64 | 0.9.5 | 24.00 | 170.00 | 194.00 | OK | |
r-oldrel-macos-arm64 | 0.9.5 | 83.00 | OK | |||
r-oldrel-macos-x86_64 | 0.9.5 | 192.00 | OK | |||
r-oldrel-windows-x86_64 | 0.9.5 | 33.00 | 232.00 | 265.00 | OK |
Version: 0.9.5
Check: installed package size
Result: NOTE
installed size is 5.0Mb
sub-directories of 1Mb or more:
R 2.2Mb
help 2.1Mb
Flavor: r-release-macos-x86_64
These binaries (installable software) and packages are in development.
They may not be fully stable and should be used with caution. We make no claims about them.