Last updated on 2024-05-04 03:50:15 CEST.
Flavor | Version | Tinstall | Tcheck | Ttotal | Status | Flags |
---|---|---|---|---|---|---|
r-devel-linux-x86_64-debian-clang | 1.2.1 | 21.90 | 27.51 | 49.41 | NOTE | |
r-devel-linux-x86_64-fedora-clang | 1.2.1 | 69.02 | NOTE | |||
r-devel-linux-x86_64-fedora-gcc | 1.2.1 | 64.80 | NOTE | |||
r-devel-windows-x86_64 | 1.2.1 | 18.00 | 72.00 | 90.00 | NOTE | |
r-patched-linux-x86_64 | 1.2.1 | 20.18 | 26.91 | 47.09 | NOTE | |
r-release-linux-x86_64 | 1.2.1 | 18.26 | 27.00 | 45.26 | NOTE | |
r-release-macos-arm64 | 1.2.1 | 21.00 | NOTE | |||
r-release-windows-x86_64 | 1.2.1 | 18.00 | 62.00 | 80.00 | NOTE | |
r-oldrel-macos-arm64 | 1.2.1 | 23.00 | NOTE | |||
r-oldrel-macos-x86_64 | 1.2.1 | 32.00 | NOTE | |||
r-oldrel-windows-x86_64 | 1.2.1 | 19.00 | 68.00 | 87.00 | NOTE |
Version: 1.2.1
Check: DESCRIPTION meta-information
Result: NOTE
Malformed Title field: should not end in a period.
Flavors: r-devel-linux-x86_64-debian-clang, r-devel-linux-x86_64-fedora-clang, r-devel-linux-x86_64-fedora-gcc, r-devel-windows-x86_64, r-patched-linux-x86_64, r-release-linux-x86_64, r-release-macos-arm64, r-release-windows-x86_64, r-oldrel-macos-arm64, r-oldrel-macos-x86_64, r-oldrel-windows-x86_64
Version: 1.2.1
Check: compiled code
Result: NOTE
File ‘cgAUC/libs/cgAUC.so’:
Found no calls to: ‘R_registerRoutines’, ‘R_useDynamicSymbols’
It is good practice to register native routines and to disable symbol
search.
See ‘Writing portable packages’ in the ‘Writing R Extensions’ manual.
Flavors: r-devel-linux-x86_64-fedora-clang, r-devel-linux-x86_64-fedora-gcc
These binaries (installable software) and packages are in development.
They may not be fully stable and should be used with caution. We make no claims about them.