Last updated on 2024-05-04 03:50:15 CEST.
Flavor | Version | Tinstall | Tcheck | Ttotal | Status | Flags |
---|---|---|---|---|---|---|
r-devel-linux-x86_64-debian-clang | 0.1.1 | 32.81 | 219.29 | 252.10 | NOTE | |
r-devel-linux-x86_64-fedora-clang | 0.1.1 | 329.32 | NOTE | |||
r-devel-linux-x86_64-fedora-gcc | 0.1.1 | 348.50 | NOTE | |||
r-devel-windows-x86_64 | 0.1.1 | 22.00 | 162.00 | 184.00 | NOTE | |
r-patched-linux-x86_64 | 0.1.1 | 29.33 | 214.08 | 243.41 | NOTE | |
r-release-linux-x86_64 | 0.1.1 | 24.41 | 208.68 | 233.09 | NOTE | |
r-release-macos-arm64 | 0.1.1 | 93.00 | NOTE | |||
r-release-windows-x86_64 | 0.1.1 | 22.00 | 156.00 | 178.00 | NOTE | |
r-oldrel-macos-arm64 | 0.1.1 | 90.00 | NOTE | |||
r-oldrel-macos-x86_64 | 0.1.1 | 141.00 | NOTE | |||
r-oldrel-windows-x86_64 | 0.1.1 | 30.00 | 191.00 | 221.00 | NOTE |
Version: 0.1.1
Check: package dependencies
Result: NOTE
Package suggested but not available for checking: ‘cmdstanr’
Flavors: r-devel-linux-x86_64-debian-clang, r-devel-linux-x86_64-fedora-clang, r-devel-linux-x86_64-fedora-gcc, r-devel-windows-x86_64, r-patched-linux-x86_64, r-release-linux-x86_64, r-release-macos-arm64, r-release-windows-x86_64, r-oldrel-macos-arm64, r-oldrel-macos-x86_64, r-oldrel-windows-x86_64
Version: 0.1.1
Check: Rd cross-references
Result: NOTE
Package unavailable to check Rd xrefs: ‘cmdstanr’
Flavors: r-devel-linux-x86_64-debian-clang, r-devel-linux-x86_64-fedora-clang, r-devel-linux-x86_64-fedora-gcc, r-devel-windows-x86_64, r-patched-linux-x86_64, r-release-linux-x86_64, r-release-macos-arm64, r-release-windows-x86_64, r-oldrel-macos-arm64, r-oldrel-macos-x86_64, r-oldrel-windows-x86_64
Version: 0.1.1
Check: dependencies in R code
Result: NOTE
Namespace in Imports field not imported from: ‘Rdpack’
All declared Imports should be used.
Flavors: r-devel-linux-x86_64-fedora-clang, r-devel-linux-x86_64-fedora-gcc
These binaries (installable software) and packages are in development.
They may not be fully stable and should be used with caution. We make no claims about them.