Last updated on 2024-05-04 03:50:15 CEST.
Flavor | Version | Tinstall | Tcheck | Ttotal | Status | Flags |
---|---|---|---|---|---|---|
r-devel-linux-x86_64-debian-clang | 0.3 | 7.31 | 73.87 | 81.18 | OK | |
r-devel-linux-x86_64-fedora-clang | 0.3 | 100.01 | NOTE | |||
r-devel-linux-x86_64-fedora-gcc | 0.3 | 121.01 | NOTE | |||
r-devel-windows-x86_64 | 0.3 | 6.00 | 82.00 | 88.00 | OK | |
r-patched-linux-x86_64 | 0.3 | 7.24 | 70.37 | 77.61 | OK | |
r-release-linux-x86_64 | 0.3 | 6.23 | 70.73 | 76.96 | OK | |
r-release-macos-arm64 | 0.3 | 42.00 | OK | |||
r-release-windows-x86_64 | 0.3 | 6.00 | 79.00 | 85.00 | OK | |
r-oldrel-macos-arm64 | 0.3 | 37.00 | OK | |||
r-oldrel-macos-x86_64 | 0.3 | 50.00 | OK | |||
r-oldrel-windows-x86_64 | 0.3 | 8.00 | 92.00 | 100.00 | OK |
Version: 0.3
Check: dependencies in R code
Result: NOTE
Namespaces in Imports field not imported from:
‘DT’ ‘dplyr’ ‘prettydoc’ ‘rmdformats’ ‘skimr’
All declared Imports should be used.
Flavors: r-devel-linux-x86_64-fedora-clang, r-devel-linux-x86_64-fedora-gcc
These binaries (installable software) and packages are in development.
They may not be fully stable and should be used with caution. We make no claims about them.