Last updated on 2024-05-04 03:50:15 CEST.
Flavor | Version | Tinstall | Tcheck | Ttotal | Status | Flags |
---|---|---|---|---|---|---|
r-devel-linux-x86_64-debian-clang | 0.14.0 | 22.95 | 141.60 | 164.55 | OK | |
r-devel-linux-x86_64-fedora-clang | 0.14.0 | 205.62 | NOTE | |||
r-devel-linux-x86_64-fedora-gcc | 0.14.0 | 212.26 | OK | |||
r-devel-windows-x86_64 | 0.14.0 | 22.00 | 130.00 | 152.00 | NOTE | |
r-patched-linux-x86_64 | 0.14.0 | 28.25 | 131.94 | 160.19 | OK | |
r-release-linux-x86_64 | 0.14.0 | 26.89 | 133.21 | 160.10 | OK | |
r-release-macos-arm64 | 0.14.0 | 51.00 | NOTE | |||
r-release-macos-x86_64 | 0.14.0 | 130.00 | NOTE | |||
r-release-windows-x86_64 | 0.14.0 | 22.00 | 128.00 | 150.00 | NOTE | |
r-oldrel-macos-arm64 | 0.14.0 | 53.00 | NOTE | |||
r-oldrel-macos-x86_64 | 0.14.0 | 110.00 | NOTE | |||
r-oldrel-windows-x86_64 | 0.14.0 | 27.00 | 150.00 | 177.00 | NOTE |
Version: 0.14.0
Check: installed package size
Result: NOTE
installed size is 6.7Mb
sub-directories of 1Mb or more:
R 1.8Mb
extdata 4.3Mb
Flavors: r-devel-linux-x86_64-fedora-clang, r-devel-windows-x86_64, r-release-macos-arm64, r-release-macos-x86_64, r-release-windows-x86_64, r-oldrel-macos-arm64, r-oldrel-macos-x86_64, r-oldrel-windows-x86_64
These binaries (installable software) and packages are in development.
They may not be fully stable and should be used with caution. We make no claims about them.