Last updated on 2024-05-04 03:50:15 CEST.
Flavor | Version | Tinstall | Tcheck | Ttotal | Status | Flags |
---|---|---|---|---|---|---|
r-devel-linux-x86_64-debian-clang | 2.3.1 | 2.65 | 39.39 | 42.04 | NOTE | |
r-devel-linux-x86_64-fedora-clang | 2.3.1 | 54.56 | NOTE | |||
r-devel-linux-x86_64-fedora-gcc | 2.3.1 | 69.98 | NOTE | |||
r-devel-windows-x86_64 | 2.3.1 | 3.00 | 52.00 | 55.00 | NOTE | |
r-patched-linux-x86_64 | 2.3.1 | 3.37 | 37.37 | 40.74 | NOTE | |
r-release-linux-x86_64 | 2.3.1 | 2.96 | 37.88 | 40.84 | NOTE | |
r-release-macos-arm64 | 2.3.1 | 26.00 | NOTE | |||
r-release-windows-x86_64 | 2.3.1 | 5.00 | 51.00 | 56.00 | NOTE | |
r-oldrel-macos-arm64 | 2.3.1 | 37.00 | OK | |||
r-oldrel-macos-x86_64 | 2.3.1 | 67.00 | OK | |||
r-oldrel-windows-x86_64 | 2.3.1 | 3.00 | 52.00 | 55.00 | OK |
Version: 2.3.1
Check: Rd files
Result: NOTE
checkRd: (-1) doseFind.Rd:63: Lost braces in \itemize; meant \describe ?
checkRd: (-1) doseFind.Rd:64: Lost braces in \itemize; meant \describe ?
checkRd: (-1) doseFind.Rd:50: Lost braces in \itemize; \value handles \item{}{} directly
checkRd: (-1) doseFind.Rd:51: Lost braces in \itemize; \value handles \item{}{} directly
checkRd: (-1) doseFind.Rd:52: Lost braces in \itemize; \value handles \item{}{} directly
checkRd: (-1) doseFind.Rd:53: Lost braces in \itemize; \value handles \item{}{} directly
checkRd: (-1) quickInverse.Rd:56: Lost braces in \itemize; \value handles \item{}{} directly
checkRd: (-1) quickInverse.Rd:57: Lost braces in \itemize; \value handles \item{}{} directly
checkRd: (-1) quickInverse.Rd:58: Lost braces in \itemize; \value handles \item{}{} directly
checkRd: (-1) quickIsotone.Rd:44: Lost braces in \itemize; \value handles \item{}{} directly
checkRd: (-1) quickIsotone.Rd:45: Lost braces in \itemize; \value handles \item{}{} directly
checkRd: (-1) quickIsotone.Rd:46: Lost braces in \itemize; \value handles \item{}{} directly
Flavors: r-devel-linux-x86_64-debian-clang, r-devel-linux-x86_64-fedora-clang, r-devel-linux-x86_64-fedora-gcc, r-devel-windows-x86_64, r-patched-linux-x86_64, r-release-linux-x86_64, r-release-macos-arm64, r-release-windows-x86_64
These binaries (installable software) and packages are in development.
They may not be fully stable and should be used with caution. We make no claims about them.