Last updated on 2024-05-04 03:50:15 CEST.
Flavor | Version | Tinstall | Tcheck | Ttotal | Status | Flags |
---|---|---|---|---|---|---|
r-devel-linux-x86_64-debian-clang | 2.1.1 | 20.58 | 158.75 | 179.33 | OK | |
r-devel-linux-x86_64-fedora-clang | 2.1.1 | 229.06 | NOTE | |||
r-devel-linux-x86_64-fedora-gcc | 2.1.1 | 241.88 | NOTE | |||
r-devel-windows-x86_64 | 2.1.1 | 16.00 | 133.00 | 149.00 | OK | |
r-patched-linux-x86_64 | 2.1.1 | 17.90 | 149.13 | 167.03 | OK | |
r-release-linux-x86_64 | 2.1.1 | 19.42 | 153.46 | 172.88 | OK | |
r-release-macos-arm64 | 2.1.1 | 63.00 | OK | |||
r-release-windows-x86_64 | 2.1.1 | 14.00 | 131.00 | 145.00 | OK | |
r-oldrel-macos-arm64 | 2.1.1 | 70.00 | OK | |||
r-oldrel-macos-x86_64 | 2.1.1 | 151.00 | OK | |||
r-oldrel-windows-x86_64 | 2.1.1 | 21.00 | 161.00 | 182.00 | OK |
Version: 2.1.1
Check: data for non-ASCII characters
Result: NOTE
Note: found 29 marked UTF-8 strings
Flavors: r-devel-linux-x86_64-fedora-clang, r-devel-linux-x86_64-fedora-gcc
These binaries (installable software) and packages are in development.
They may not be fully stable and should be used with caution. We make no claims about them.