Last updated on 2024-05-04 03:50:15 CEST.
Flavor | Version | Tinstall | Tcheck | Ttotal | Status | Flags |
---|---|---|---|---|---|---|
r-devel-linux-x86_64-debian-clang | 0.3.0 | 2.88 | 26.93 | 29.81 | NOTE | |
r-devel-linux-x86_64-fedora-clang | 0.3.0 | 39.60 | NOTE | |||
r-devel-linux-x86_64-fedora-gcc | 0.3.0 | 53.58 | NOTE | |||
r-devel-windows-x86_64 | 0.3.0 | 5.00 | 45.00 | 50.00 | NOTE | |
r-patched-linux-x86_64 | 0.3.0 | 2.86 | 26.11 | 28.97 | NOTE | |
r-release-linux-x86_64 | 0.3.0 | 2.68 | 26.07 | 28.75 | NOTE | |
r-release-macos-arm64 | 0.3.0 | 27.00 | NOTE | |||
r-release-windows-x86_64 | 0.3.0 | 3.00 | 43.00 | 46.00 | NOTE | |
r-oldrel-macos-arm64 | 0.3.0 | 19.00 | NOTE | |||
r-oldrel-macos-x86_64 | 0.3.0 | 31.00 | NOTE | |||
r-oldrel-windows-x86_64 | 0.3.0 | 3.00 | 42.00 | 45.00 | NOTE |
Version: 0.3.0
Check: LazyData
Result: NOTE
'LazyData' is specified without a 'data' directory
Flavors: r-devel-linux-x86_64-debian-clang, r-devel-linux-x86_64-fedora-clang, r-devel-linux-x86_64-fedora-gcc, r-devel-windows-x86_64, r-patched-linux-x86_64, r-release-linux-x86_64, r-release-macos-arm64, r-release-windows-x86_64, r-oldrel-macos-arm64, r-oldrel-macos-x86_64, r-oldrel-windows-x86_64
These binaries (installable software) and packages are in development.
They may not be fully stable and should be used with caution. We make no claims about them.