Last updated on 2025-10-23 17:50:44 CEST.
Flavor | Version | Tinstall | Tcheck | Ttotal | Status | Flags |
---|---|---|---|---|---|---|
r-devel-linux-x86_64-debian-clang | 0.9.45 | 3.72 | 37.33 | 41.05 | NOTE | |
r-devel-linux-x86_64-debian-gcc | 0.9.45 | 2.63 | 27.03 | 29.66 | OK | |
r-devel-linux-x86_64-fedora-clang | 0.9.45 | 46.57 | OK | |||
r-devel-linux-x86_64-fedora-gcc | 0.9.45 | 55.80 | OK | |||
r-devel-windows-x86_64 | 0.9.45 | 6.00 | 57.00 | 63.00 | OK | |
r-patched-linux-x86_64 | 0.9.45 | 3.60 | 33.15 | 36.75 | OK | |
r-release-linux-x86_64 | 0.9.45 | 4.20 | 33.22 | 37.42 | OK | |
r-release-macos-arm64 | 0.9.45 | 2.00 | 20.00 | 22.00 | OK | |
r-release-macos-x86_64 | 0.9.45 | 4.00 | 33.00 | 37.00 | OK | |
r-release-windows-x86_64 | 0.9.45 | 5.00 | 60.00 | 65.00 | OK | |
r-oldrel-macos-arm64 | 0.9.45 | 2.00 | 23.00 | 25.00 | OK | |
r-oldrel-macos-x86_64 | 0.9.45 | 4.00 | 33.00 | 37.00 | OK | |
r-oldrel-windows-x86_64 | 0.9.45 | 8.00 | 68.00 | 76.00 | OK |
Version: 0.9.45
Check: HTML version of manual
Result: NOTE
Found the following HTML validation problems:
fix_all.html:54:1 (fix_all.Rd:14): Warning: missing </ul> before </div>
fxd.html:50:1 (fxd.Rd:12): Warning: missing </ul> before </div>
good2go.html:54:1 (good2go.Rd:14): Warning: missing </ul> before </div>
text_date.html:50:1 (text_date.Rd:12): Warning: missing </ul> before </div>
v_df_changes.html:50:1 (v_df_changes.Rd:12): Warning: missing </ul> before </div>
Flavor: r-devel-linux-x86_64-debian-clang
These binaries (installable software) and packages are in development.
They may not be fully stable and should be used with caution. We make no claims about them.