Last updated on 2024-05-04 03:50:15 CEST.
Flavor | Version | Tinstall | Tcheck | Ttotal | Status | Flags |
---|---|---|---|---|---|---|
r-devel-linux-x86_64-debian-clang | 1.2.1 | 9.82 | 68.88 | 78.70 | OK | |
r-devel-linux-x86_64-fedora-clang | 1.2.1 | 97.22 | NOTE | |||
r-devel-linux-x86_64-fedora-gcc | 1.2.1 | 121.45 | NOTE | |||
r-devel-windows-x86_64 | 1.2.1 | 9.00 | 74.00 | 83.00 | OK | |
r-patched-linux-x86_64 | 1.2.1 | 7.90 | 66.65 | 74.55 | OK | |
r-release-linux-x86_64 | 1.2.1 | 8.27 | 67.89 | 76.16 | OK | |
r-release-macos-arm64 | 1.2.1 | 38.00 | OK | |||
r-release-macos-x86_64 | 1.2.1 | 94.00 | OK | |||
r-release-windows-x86_64 | 1.2.1 | 10.00 | 74.00 | 84.00 | OK | |
r-oldrel-macos-arm64 | 1.2.1 | 44.00 | OK | |||
r-oldrel-macos-x86_64 | 1.2.1 | 70.00 | OK | |||
r-oldrel-windows-x86_64 | 1.2.1 | 11.00 | 84.00 | 95.00 | OK |
Version: 1.2.1
Check: data for non-ASCII characters
Result: NOTE
Note: found 8737 marked UTF-8 strings
Flavors: r-devel-linux-x86_64-fedora-clang, r-devel-linux-x86_64-fedora-gcc
These binaries (installable software) and packages are in development.
They may not be fully stable and should be used with caution. We make no claims about them.