Last updated on 2024-05-04 03:50:15 CEST.
Flavor | Version | Tinstall | Tcheck | Ttotal | Status | Flags |
---|---|---|---|---|---|---|
r-devel-linux-x86_64-debian-clang | 0.1.5 | 10.15 | 120.82 | 130.97 | OK | |
r-devel-linux-x86_64-fedora-clang | 0.1.5 | 163.07 | NOTE | |||
r-devel-linux-x86_64-fedora-gcc | 0.1.5 | 166.27 | OK | |||
r-devel-windows-x86_64 | 0.1.5 | 11.00 | 112.00 | 123.00 | NOTE | |
r-patched-linux-x86_64 | 0.1.5 | 16.09 | 115.93 | 132.02 | OK | |
r-release-linux-x86_64 | 0.1.5 | 5.18 | 117.42 | 122.60 | OK | |
r-release-macos-arm64 | 0.1.5 | 60.00 | NOTE | |||
r-release-macos-x86_64 | 0.1.5 | 140.00 | NOTE | |||
r-release-windows-x86_64 | 0.1.5 | 8.00 | 110.00 | 118.00 | NOTE | |
r-oldrel-macos-arm64 | 0.1.5 | 62.00 | NOTE | |||
r-oldrel-macos-x86_64 | 0.1.5 | 115.00 | NOTE | |||
r-oldrel-windows-x86_64 | 0.1.5 | 11.00 | 133.00 | 144.00 | NOTE |
Version: 0.1.5
Check: installed package size
Result: NOTE
installed size is 7.6Mb
sub-directories of 1Mb or more:
doc 6.5Mb
Flavors: r-devel-linux-x86_64-fedora-clang, r-devel-windows-x86_64, r-release-macos-arm64, r-release-macos-x86_64, r-release-windows-x86_64, r-oldrel-macos-arm64, r-oldrel-macos-x86_64, r-oldrel-windows-x86_64
These binaries (installable software) and packages are in development.
They may not be fully stable and should be used with caution. We make no claims about them.