Last updated on 2024-05-04 03:50:15 CEST.
Flavor | Version | Tinstall | Tcheck | Ttotal | Status | Flags |
---|---|---|---|---|---|---|
r-devel-linux-x86_64-debian-clang | 0.7.0 | 196.59 | 253.93 | 450.52 | NOTE | |
r-devel-linux-x86_64-fedora-clang | 0.7.0 | 565.93 | NOTE | |||
r-devel-linux-x86_64-fedora-gcc | 0.7.0 | 610.67 | NOTE | |||
r-devel-windows-x86_64 | 0.7.0 | 147.00 | 259.00 | 406.00 | NOTE | |
r-patched-linux-x86_64 | 0.7.0 | 187.76 | 247.39 | 435.15 | OK | |
r-release-linux-x86_64 | 0.7.0 | 182.72 | 248.83 | 431.55 | OK | |
r-release-macos-arm64 | 0.7.0 | 139.00 | NOTE | |||
r-release-windows-x86_64 | 0.7.0 | 145.00 | 262.00 | 407.00 | OK | |
r-oldrel-macos-arm64 | 0.7.0 | 156.00 | NOTE | |||
r-oldrel-macos-x86_64 | 0.7.0 | 320.00 | NOTE | |||
r-oldrel-windows-x86_64 | 0.7.0 | 179.00 | 322.00 | 501.00 | OK |
Version: 0.7.0
Check: compiled code
Result: NOTE
File ‘clock/libs/clock.so’:
Found non-API calls to R: ‘SETLENGTH’, ‘SET_TRUELENGTH’
Compiled code should not call non-API entry points in R.
See ‘Writing portable packages’ in the ‘Writing R Extensions’ manual.
Flavors: r-devel-linux-x86_64-debian-clang, r-devel-linux-x86_64-fedora-clang, r-devel-linux-x86_64-fedora-gcc
Version: 0.7.0
Check: compiled code
Result: NOTE
File 'clock/libs/x64/clock.dll':
Found non-API calls to R: 'SETLENGTH', 'SET_TRUELENGTH'
Compiled code should not call non-API entry points in R.
See 'Writing portable packages' in the 'Writing R Extensions' manual.
Flavor: r-devel-windows-x86_64
Version: 0.7.0
Check: installed package size
Result: NOTE
installed size is 18.3Mb
sub-directories of 1Mb or more:
libs 16.4Mb
Flavors: r-release-macos-arm64, r-oldrel-macos-arm64, r-oldrel-macos-x86_64
These binaries (installable software) and packages are in development.
They may not be fully stable and should be used with caution. We make no claims about them.