Last updated on 2024-05-04 03:50:15 CEST.
Flavor | Version | Tinstall | Tcheck | Ttotal | Status | Flags |
---|---|---|---|---|---|---|
r-devel-linux-x86_64-debian-clang | 1.0.0 | 13.01 | 99.51 | 112.52 | OK | |
r-devel-linux-x86_64-fedora-clang | 1.0.0 | 143.82 | NOTE | |||
r-devel-linux-x86_64-fedora-gcc | 1.0.0 | 134.07 | NOTE | |||
r-devel-windows-x86_64 | 1.0.0 | 14.00 | 81.00 | 95.00 | OK | |
r-patched-linux-x86_64 | 1.0.0 | 17.86 | 93.68 | 111.54 | OK | |
r-release-linux-x86_64 | 1.0.0 | 13.31 | 94.67 | 107.98 | OK | |
r-release-macos-arm64 | 1.0.0 | 40.00 | OK | |||
r-release-macos-x86_64 | 1.0.0 | 81.00 | OK | |||
r-release-windows-x86_64 | 1.0.0 | 11.00 | 82.00 | 93.00 | OK | |
r-oldrel-macos-arm64 | 1.0.0 | 45.00 | OK | |||
r-oldrel-macos-x86_64 | 1.0.0 | 102.00 | OK | |||
r-oldrel-windows-x86_64 | 1.0.0 | 16.00 | 98.00 | 114.00 | OK |
Version: 1.0.0
Check: data for non-ASCII characters
Result: NOTE
Note: found 949 marked UTF-8 strings
Flavors: r-devel-linux-x86_64-fedora-clang, r-devel-linux-x86_64-fedora-gcc
These binaries (installable software) and packages are in development.
They may not be fully stable and should be used with caution. We make no claims about them.