Last updated on 2024-05-04 03:50:16 CEST.
Flavor | Version | Tinstall | Tcheck | Ttotal | Status | Flags |
---|---|---|---|---|---|---|
r-devel-linux-x86_64-debian-clang | 0.2.7 | 5.42 | 56.24 | 61.66 | OK | |
r-devel-linux-x86_64-fedora-clang | 0.2.7 | 80.25 | NOTE | |||
r-devel-linux-x86_64-fedora-gcc | 0.2.7 | 103.34 | NOTE | |||
r-devel-windows-x86_64 | 0.2.7 | 8.00 | 66.00 | 74.00 | OK | |
r-patched-linux-x86_64 | 0.2.7 | 6.88 | 53.06 | 59.94 | OK | |
r-release-linux-x86_64 | 0.2.7 | 6.03 | 53.22 | 59.25 | OK | |
r-release-macos-arm64 | 0.2.7 | 34.00 | OK | |||
r-release-windows-x86_64 | 0.2.7 | 8.00 | 62.00 | 70.00 | OK | |
r-oldrel-macos-arm64 | 0.2.7 | 42.00 | OK | |||
r-oldrel-macos-x86_64 | 0.2.7 | 64.00 | OK | |||
r-oldrel-windows-x86_64 | 0.2.7 | 9.00 | 69.00 | 78.00 | OK |
Version: 0.2.7
Check: data for non-ASCII characters
Result: NOTE
Note: found 4622 marked UTF-8 strings
Flavors: r-devel-linux-x86_64-fedora-clang, r-devel-linux-x86_64-fedora-gcc
These binaries (installable software) and packages are in development.
They may not be fully stable and should be used with caution. We make no claims about them.