Last updated on 2024-05-04 03:50:16 CEST.
Flavor | Version | Tinstall | Tcheck | Ttotal | Status | Flags |
---|---|---|---|---|---|---|
r-devel-linux-x86_64-debian-clang | 0.9.2 | 10.44 | 74.32 | 84.76 | NOTE | |
r-devel-linux-x86_64-fedora-clang | 0.9.2 | 105.40 | NOTE | |||
r-devel-linux-x86_64-fedora-gcc | 0.9.2 | 122.20 | NOTE | |||
r-devel-windows-x86_64 | 0.9.2 | 10.00 | 71.00 | 81.00 | NOTE | |
r-patched-linux-x86_64 | 0.9.2 | 9.80 | 70.98 | 80.78 | NOTE | |
r-release-linux-x86_64 | 0.9.2 | 7.43 | 73.21 | 80.64 | NOTE | |
r-release-macos-arm64 | 0.9.2 | 33.00 | NOTE | |||
r-release-windows-x86_64 | 0.9.2 | 9.00 | 71.00 | 80.00 | NOTE | |
r-oldrel-macos-arm64 | 0.9.2 | 36.00 | NOTE | |||
r-oldrel-macos-x86_64 | 0.9.2 | 60.00 | NOTE | |||
r-oldrel-windows-x86_64 | 0.9.2 | 13.00 | 84.00 | 97.00 | NOTE |
Version: 0.9.2
Check: Rd files
Result: NOTE
checkRd: (-1) plot.predict.crrQR.Rd:18: Escaped LaTeX specials: \#
checkRd: (-1) plot.predict.crrQR.Rd:22: Escaped LaTeX specials: \#
Flavors: r-devel-linux-x86_64-debian-clang, r-devel-linux-x86_64-fedora-clang, r-devel-linux-x86_64-fedora-gcc, r-devel-windows-x86_64, r-patched-linux-x86_64, r-release-linux-x86_64, r-release-macos-arm64, r-release-windows-x86_64, r-oldrel-macos-arm64, r-oldrel-macos-x86_64, r-oldrel-windows-x86_64
These binaries (installable software) and packages are in development.
They may not be fully stable and should be used with caution. We make no claims about them.