CRAN Package Check Results for Package cmtest

Last updated on 2025-10-23 17:50:44 CEST.

Flavor Version Tinstall Tcheck Ttotal Status Flags
r-devel-linux-x86_64-debian-clang 0.1-2 1.84 32.99 34.83 OK
r-devel-linux-x86_64-debian-gcc 0.1-2 1.83 27.11 28.94 OK
r-devel-linux-x86_64-fedora-clang 0.1-2 43.56 OK
r-devel-linux-x86_64-fedora-gcc 0.1-2 67.80 OK
r-devel-windows-x86_64 0.1-2 3.00 48.00 51.00 OK
r-patched-linux-x86_64 0.1-2 2.29 31.65 33.94 OK
r-release-linux-x86_64 0.1-2 2.27 32.28 34.55 OK
r-release-macos-arm64 0.1-2 2.00 35.00 37.00 OK
r-release-macos-x86_64 0.1-2 2.00 60.00 62.00 OK
r-release-windows-x86_64 0.1-2 4.00 50.00 54.00 OK
r-oldrel-macos-arm64 0.1-2 1.00 23.00 24.00 NOTE
r-oldrel-macos-x86_64 0.1-2 2.00 34.00 36.00 NOTE
r-oldrel-windows-x86_64 0.1-2 4.00 55.00 59.00 NOTE

Check Details

Version: 0.1-2
Check: package dependencies
Result: NOTE Package suggested but not available for checking: ‘tobit1’ Flavors: r-oldrel-macos-arm64, r-oldrel-macos-x86_64, r-oldrel-windows-x86_64

These binaries (installable software) and packages are in development.
They may not be fully stable and should be used with caution. We make no claims about them.