Last updated on 2024-05-04 03:50:16 CEST.
Flavor | Version | Tinstall | Tcheck | Ttotal | Status | Flags |
---|---|---|---|---|---|---|
r-devel-linux-x86_64-debian-clang | 0.7.2 | 202.86 | 130.84 | 333.70 | NOTE | |
r-devel-linux-x86_64-fedora-clang | 0.7.2 | 461.11 | NOTE | |||
r-devel-linux-x86_64-fedora-gcc | 0.7.2 | 518.87 | NOTE | |||
r-devel-windows-x86_64 | 0.7.2 | 145.00 | 136.00 | 281.00 | NOTE | |
r-patched-linux-x86_64 | 0.7.2 | 178.67 | 119.20 | 297.87 | NOTE | |
r-release-linux-x86_64 | 0.7.2 | 187.23 | 122.72 | 309.95 | NOTE | |
r-release-macos-arm64 | 0.7.2 | 104.00 | NOTE | |||
r-release-macos-x86_64 | 0.7.2 | 206.00 | NOTE | |||
r-release-windows-x86_64 | 0.7.2 | 141.00 | 144.00 | 285.00 | NOTE | |
r-oldrel-macos-arm64 | 0.7.2 | 110.00 | NOTE | |||
r-oldrel-macos-x86_64 | 0.7.2 | 200.00 | NOTE | |||
r-oldrel-windows-x86_64 | 0.7.2 | 179.00 | 175.00 | 354.00 | NOTE |
Version: 0.7.2
Check: package dependencies
Result: NOTE
Package suggested but not available for checking: ‘PopGenome’
Flavors: r-devel-linux-x86_64-debian-clang, r-devel-linux-x86_64-fedora-clang, r-devel-linux-x86_64-fedora-gcc, r-devel-windows-x86_64, r-patched-linux-x86_64, r-release-linux-x86_64, r-release-macos-arm64, r-release-macos-x86_64, r-release-windows-x86_64, r-oldrel-macos-arm64, r-oldrel-macos-x86_64, r-oldrel-windows-x86_64
Version: 0.7.2
Check: installed package size
Result: NOTE
installed size is 6.3Mb
sub-directories of 1Mb or more:
R 2.0Mb
libs 3.6Mb
Flavors: r-release-macos-arm64, r-release-macos-x86_64, r-oldrel-macos-arm64, r-oldrel-macos-x86_64
These binaries (installable software) and packages are in development.
They may not be fully stable and should be used with caution. We make no claims about them.