Last updated on 2024-05-04 03:50:16 CEST.
Flavor | Version | Tinstall | Tcheck | Ttotal | Status | Flags |
---|---|---|---|---|---|---|
r-devel-linux-x86_64-debian-clang | 0.2.3 | 10.00 | 134.27 | 144.27 | OK | |
r-devel-linux-x86_64-fedora-clang | 0.2.3 | 182.16 | NOTE | |||
r-devel-linux-x86_64-fedora-gcc | 0.2.3 | 200.33 | NOTE | |||
r-devel-windows-x86_64 | 0.2.3 | 10.00 | 105.00 | 115.00 | OK | |
r-patched-linux-x86_64 | 0.2.3 | 8.16 | 127.56 | 135.72 | OK | |
r-release-linux-x86_64 | 0.2.3 | 8.03 | 130.19 | 138.22 | OK | |
r-release-macos-arm64 | 0.2.3 | 53.00 | OK | |||
r-release-windows-x86_64 | 0.2.3 | 10.00 | 102.00 | 112.00 | OK | |
r-oldrel-macos-arm64 | 0.2.3 | 47.00 | OK | |||
r-oldrel-macos-x86_64 | 0.2.3 | 129.00 | OK | |||
r-oldrel-windows-x86_64 | 0.2.3 | 11.00 | 132.00 | 143.00 | OK |
Version: 0.2.3
Check: data for non-ASCII characters
Result: NOTE
Note: found 14729 marked UTF-8 strings
Flavors: r-devel-linux-x86_64-fedora-clang, r-devel-linux-x86_64-fedora-gcc
These binaries (installable software) and packages are in development.
They may not be fully stable and should be used with caution. We make no claims about them.