Last updated on 2025-10-23 17:50:44 CEST.
| Flavor | Version | Tinstall | Tcheck | Ttotal | Status | Flags |
|---|---|---|---|---|---|---|
| r-devel-linux-x86_64-debian-clang | 1.0-1 | 2.98 | 26.05 | 29.03 | NOTE | |
| r-devel-linux-x86_64-debian-gcc | 1.0-1 | 2.13 | 20.91 | 23.04 | NOTE | |
| r-devel-linux-x86_64-fedora-clang | 1.0-1 | 35.14 | OK | |||
| r-devel-linux-x86_64-fedora-gcc | 1.0-1 | 40.68 | OK | |||
| r-devel-windows-x86_64 | 1.0-1 | 3.00 | 43.00 | 46.00 | OK | |
| r-patched-linux-x86_64 | 1.0-1 | 2.67 | 24.38 | 27.05 | OK | |
| r-release-linux-x86_64 | 1.0-1 | 2.82 | 24.82 | 27.64 | OK | |
| r-release-macos-arm64 | 1.0-1 | 1.00 | 17.00 | 18.00 | OK | |
| r-release-macos-x86_64 | 1.0-1 | 4.00 | 32.00 | 36.00 | OK | |
| r-release-windows-x86_64 | 1.0-1 | 4.00 | 47.00 | 51.00 | OK | |
| r-oldrel-macos-arm64 | 1.0-1 | 1.00 | 19.00 | 20.00 | NOTE | |
| r-oldrel-macos-x86_64 | 1.0-1 | 2.00 | 23.00 | 25.00 | NOTE | |
| r-oldrel-windows-x86_64 | 1.0-1 | 4.00 | 51.00 | 55.00 | NOTE |
Version: 1.0-1
Check: CRAN incoming feasibility
Result: NOTE
Maintainer: ‘Birk Diedenhofen <mail@birkdiedenhofen.de>’
The Description field contains
http://comparingcronbachalphas.org. A plugin for the R GUI and IDE
RKWard is included. Please install RKWard from https:// rkward.kde.org
Please enclose URLs in angle brackets (<...>).
Flavors: r-devel-linux-x86_64-debian-clang, r-devel-linux-x86_64-debian-gcc
Version: 1.0-1
Check: package dependencies
Result: NOTE
Package which this enhances but not available for checking: ‘rkward’
Flavors: r-oldrel-macos-arm64, r-oldrel-macos-x86_64, r-oldrel-windows-x86_64
These binaries (installable software) and packages are in development.
They may not be fully stable and should be used with caution. We make no claims about them.