Last updated on 2024-05-04 03:50:16 CEST.
Flavor | Version | Tinstall | Tcheck | Ttotal | Status | Flags |
---|---|---|---|---|---|---|
r-devel-linux-x86_64-debian-clang | 0.1.1 | 26.66 | 86.52 | 113.18 | NOTE | |
r-devel-linux-x86_64-fedora-clang | 0.1.1 | 148.97 | NOTE | |||
r-devel-linux-x86_64-fedora-gcc | 0.1.1 | 169.59 | NOTE | |||
r-devel-windows-x86_64 | 0.1.1 | 22.00 | 98.00 | 120.00 | NOTE | |
r-patched-linux-x86_64 | 0.1.1 | 20.94 | 82.46 | 103.40 | NOTE | |
r-release-linux-x86_64 | 0.1.1 | 16.66 | 82.61 | 99.27 | NOTE | |
r-release-macos-arm64 | 0.1.1 | 53.00 | NOTE | |||
r-release-windows-x86_64 | 0.1.1 | 20.00 | 97.00 | 117.00 | NOTE | |
r-oldrel-macos-arm64 | 0.1.1 | 53.00 | OK | |||
r-oldrel-macos-x86_64 | 0.1.1 | 86.00 | OK | |||
r-oldrel-windows-x86_64 | 0.1.1 | 26.00 | 118.00 | 144.00 | OK |
Version: 0.1.1
Check: Rd files
Result: NOTE
checkRd: (-1) keener.Rd:82: Lost braces; missing escapes or markup?
82 | a_{ij} = (S_ij + 1) / (S_ij + S_ji + 2). This step should make comparing
| ^
Flavors: r-devel-linux-x86_64-debian-clang, r-devel-linux-x86_64-fedora-clang, r-devel-linux-x86_64-fedora-gcc, r-devel-windows-x86_64, r-patched-linux-x86_64, r-release-linux-x86_64, r-release-macos-arm64, r-release-windows-x86_64
These binaries (installable software) and packages are in development.
They may not be fully stable and should be used with caution. We make no claims about them.