Last updated on 2024-05-04 03:50:16 CEST.
Flavor | Version | Tinstall | Tcheck | Ttotal | Status | Flags |
---|---|---|---|---|---|---|
r-devel-linux-x86_64-debian-clang | 0.1.1 | 1.06 | 2.41 | 3.47 | ERROR | |
r-devel-linux-x86_64-fedora-clang | 0.1.1 | 831.64 | OK | |||
r-devel-linux-x86_64-fedora-gcc | 0.1.1 | 743.71 | OK | |||
r-devel-windows-x86_64 | 0.1.1 | 32.00 | 549.00 | 581.00 | OK | |
r-patched-linux-x86_64 | 0.1.1 | 24.42 | 561.93 | 586.35 | OK | |
r-release-linux-x86_64 | 0.1.1 | 25.15 | 567.54 | 592.69 | OK | |
r-release-macos-arm64 | 0.1.1 | 218.00 | OK | |||
r-release-macos-x86_64 | 0.1.1 | 382.00 | OK | |||
r-release-windows-x86_64 | 0.1.1 | 35.00 | 538.00 | 573.00 | OK | |
r-oldrel-macos-arm64 | 0.1.1 | 9.00 | ERROR | |||
r-oldrel-macos-x86_64 | 0.1.1 | 6.00 | ERROR | |||
r-oldrel-windows-x86_64 | 0.1.1 | 44.00 | 678.00 | 722.00 | OK |
Version: 0.1.1
Check: package dependencies
Result: ERROR
Package required but not available: ‘GenomicRanges’
See section ‘The DESCRIPTION file’ in the ‘Writing R Extensions’
manual.
Flavor: r-devel-linux-x86_64-debian-clang
Version: 0.1.1
Check: package dependencies
Result: ERROR
Package required but not available: ‘R4RNA’
See section ‘The DESCRIPTION file’ in the ‘Writing R Extensions’
manual.
Flavors: r-oldrel-macos-arm64, r-oldrel-macos-x86_64
These binaries (installable software) and packages are in development.
They may not be fully stable and should be used with caution. We make no claims about them.