Last updated on 2024-05-04 03:50:16 CEST.
Flavor | Version | Tinstall | Tcheck | Ttotal | Status | Flags |
---|---|---|---|---|---|---|
r-devel-linux-x86_64-debian-clang | 0.0.2 | 8.72 | 79.78 | 88.50 | NOTE | |
r-devel-linux-x86_64-fedora-clang | 0.0.2 | 107.12 | NOTE | |||
r-devel-linux-x86_64-fedora-gcc | 0.0.2 | 136.99 | NOTE | |||
r-devel-windows-x86_64 | 0.0.2 | 8.00 | 76.00 | 84.00 | NOTE | |
r-patched-linux-x86_64 | 0.0.2 | 6.92 | 75.51 | 82.43 | NOTE | |
r-release-linux-x86_64 | 0.0.2 | 7.06 | 75.23 | 82.29 | NOTE | |
r-release-macos-arm64 | 0.0.2 | 41.00 | NOTE | |||
r-release-windows-x86_64 | 0.0.2 | 7.00 | 76.00 | 83.00 | NOTE | |
r-oldrel-macos-arm64 | 0.0.2 | 43.00 | NOTE | |||
r-oldrel-macos-x86_64 | 0.0.2 | 67.00 | NOTE | |||
r-oldrel-windows-x86_64 | 0.0.2 | 10.00 | 85.00 | 95.00 | NOTE |
Version: 0.0.2
Check: package subdirectories
Result: NOTE
Problems with news in ‘NEWS.md’:
No news entries found.
Flavors: r-devel-linux-x86_64-debian-clang, r-devel-linux-x86_64-fedora-clang, r-devel-linux-x86_64-fedora-gcc, r-devel-windows-x86_64, r-patched-linux-x86_64, r-release-linux-x86_64, r-release-macos-arm64, r-release-windows-x86_64, r-oldrel-macos-arm64, r-oldrel-macos-x86_64, r-oldrel-windows-x86_64
Version: 0.0.2
Check: LazyData
Result: NOTE
'LazyData' is specified without a 'data' directory
Flavors: r-devel-linux-x86_64-debian-clang, r-devel-linux-x86_64-fedora-clang, r-devel-linux-x86_64-fedora-gcc, r-devel-windows-x86_64, r-patched-linux-x86_64, r-release-linux-x86_64, r-release-macos-arm64, r-release-windows-x86_64, r-oldrel-macos-arm64, r-oldrel-macos-x86_64, r-oldrel-windows-x86_64
Version: 0.0.2
Check: Rd cross-references
Result: NOTE
Undeclared package ‘mvtnorm’ in Rd xrefs
Flavor: r-devel-linux-x86_64-fedora-clang
These binaries (installable software) and packages are in development.
They may not be fully stable and should be used with caution. We make no claims about them.