Last updated on 2024-05-04 03:50:16 CEST.
Flavor | Version | Tinstall | Tcheck | Ttotal | Status | Flags |
---|---|---|---|---|---|---|
r-devel-linux-x86_64-debian-clang | 1.4.0 | 48.02 | 162.68 | 210.70 | OK | |
r-devel-linux-x86_64-fedora-clang | 1.4.0 | 278.23 | OK | |||
r-devel-linux-x86_64-fedora-gcc | 1.4.0 | 287.55 | OK | |||
r-devel-windows-x86_64 | 1.4.0 | 44.00 | 170.00 | 214.00 | NOTE | |
r-patched-linux-x86_64 | 1.4.0 | 56.21 | 158.90 | 215.11 | OK | |
r-release-linux-x86_64 | 1.4.0 | 43.89 | 158.33 | 202.22 | OK | |
r-release-macos-arm64 | 1.4.0 | 80.00 | NOTE | |||
r-release-macos-x86_64 | 1.4.0 | 194.00 | NOTE | |||
r-release-windows-x86_64 | 1.4.0 | 40.00 | 171.00 | 211.00 | NOTE | |
r-oldrel-macos-arm64 | 1.4.0 | 84.00 | NOTE | |||
r-oldrel-macos-x86_64 | 1.4.0 | 196.00 | NOTE | |||
r-oldrel-windows-x86_64 | 1.4.0 | 53.00 | 199.00 | 252.00 | NOTE |
Version: 1.4.0
Check: installed package size
Result: NOTE
installed size is 5.2Mb
sub-directories of 1Mb or more:
data 3.5Mb
libs 1.2Mb
Flavors: r-devel-windows-x86_64, r-release-macos-arm64, r-release-macos-x86_64, r-release-windows-x86_64, r-oldrel-macos-arm64, r-oldrel-macos-x86_64, r-oldrel-windows-x86_64
These binaries (installable software) and packages are in development.
They may not be fully stable and should be used with caution. We make no claims about them.