Last updated on 2024-05-04 03:50:16 CEST.
Flavor | Version | Tinstall | Tcheck | Ttotal | Status | Flags |
---|---|---|---|---|---|---|
r-devel-linux-x86_64-debian-clang | 0.2.0 | 100.35 | 46.40 | 146.75 | WARN | |
r-devel-linux-x86_64-fedora-clang | 0.2.0 | 219.57 | OK | |||
r-devel-linux-x86_64-fedora-gcc | 0.2.0 | 214.35 | OK | |||
r-devel-windows-x86_64 | 0.2.0 | 79.00 | 79.00 | 158.00 | OK | |
r-patched-linux-x86_64 | 0.2.0 | 101.21 | 43.44 | 144.65 | OK | |
r-release-linux-x86_64 | 0.2.0 | 87.94 | 44.71 | 132.65 | OK | |
r-release-macos-arm64 | 0.2.0 | 45.00 | NOTE | |||
r-release-windows-x86_64 | 0.2.0 | 80.00 | 79.00 | 159.00 | OK | |
r-oldrel-macos-arm64 | 0.2.0 | 52.00 | NOTE | |||
r-oldrel-macos-x86_64 | 0.2.0 | 85.00 | NOTE | |||
r-oldrel-windows-x86_64 | 0.2.0 | 99.00 | 87.00 | 186.00 | OK |
Version: 0.2.0
Check: whether package can be installed
Result: WARN
Found the following significant warnings:
seqre.cpp:120:36: warning: using integer absolute value function 'abs' when argument is of floating point type [-Wabsolute-value]
seqre.cpp:173:20: warning: using integer absolute value function 'abs' when argument is of floating point type [-Wabsolute-value]
seqre.cpp:181:15: warning: using integer absolute value function 'abs' when argument is of floating point type [-Wabsolute-value]
See ‘/home/hornik/tmp/R.check/r-devel-clang/Work/PKGS/copre.Rcheck/00install.out’ for details.
* used C++ compiler: ‘Debian clang version 18.1.4 (1)’
Flavor: r-devel-linux-x86_64-debian-clang
Version: 0.2.0
Check: installed package size
Result: NOTE
installed size is 5.7Mb
sub-directories of 1Mb or more:
help 2.6Mb
libs 3.1Mb
Flavors: r-release-macos-arm64, r-oldrel-macos-arm64, r-oldrel-macos-x86_64
These binaries (installable software) and packages are in development.
They may not be fully stable and should be used with caution. We make no claims about them.