Last updated on 2024-05-04 03:50:16 CEST.
Flavor | Version | Tinstall | Tcheck | Ttotal | Status | Flags |
---|---|---|---|---|---|---|
r-devel-linux-x86_64-debian-clang | 0.8.6 | 4.08 | 46.60 | 50.68 | OK | |
r-devel-linux-x86_64-fedora-clang | 0.8.6 | 67.74 | NOTE | |||
r-devel-linux-x86_64-fedora-gcc | 0.8.6 | 61.54 | NOTE | |||
r-devel-windows-x86_64 | 0.8.6 | 7.00 | 60.00 | 67.00 | OK | |
r-patched-linux-x86_64 | 0.8.6 | 4.45 | 46.24 | 50.69 | OK | |
r-release-linux-x86_64 | 0.8.6 | 4.09 | 45.49 | 49.58 | OK | |
r-release-macos-arm64 | 0.8.6 | 25.00 | OK | |||
r-release-windows-x86_64 | 0.8.6 | 7.00 | 58.00 | 65.00 | OK | |
r-oldrel-macos-arm64 | 0.8.6 | 23.00 | OK | |||
r-oldrel-macos-x86_64 | 0.8.6 | 34.00 | OK | |||
r-oldrel-windows-x86_64 | 0.8.6 | 7.00 | 63.00 | 70.00 | OK |
Version: 0.8.6
Check: dependencies in R code
Result: NOTE
Namespaces in Imports field not imported from:
‘RColorBrewer’ ‘ggplot2’ ‘re2’ ‘rmarkdown’ ‘shinyWidgets’
‘shinydashboard’ ‘shinyjs’
All declared Imports should be used.
Flavors: r-devel-linux-x86_64-fedora-clang, r-devel-linux-x86_64-fedora-gcc
These binaries (installable software) and packages are in development.
They may not be fully stable and should be used with caution. We make no claims about them.