Last updated on 2024-05-04 03:50:16 CEST.
Flavor | Version | Tinstall | Tcheck | Ttotal | Status | Flags |
---|---|---|---|---|---|---|
r-devel-linux-x86_64-debian-clang | 1.14 | 3.31 | 88.74 | 92.05 | OK | |
r-devel-linux-x86_64-fedora-clang | 1.14 | 113.84 | OK | |||
r-devel-linux-x86_64-fedora-gcc | 1.14 | 133.47 | OK | |||
r-devel-windows-x86_64 | 1.14 | 5.00 | 82.00 | 87.00 | OK | |
r-patched-linux-x86_64 | 1.14 | 2.34 | 86.48 | 88.82 | OK | |
r-release-linux-x86_64 | 1.14 | 2.71 | 86.89 | 89.60 | OK | |
r-release-macos-arm64 | 1.14 | 43.00 | OK | |||
r-release-windows-x86_64 | 1.14 | 3.00 | 77.00 | 80.00 | ERROR | |
r-oldrel-macos-arm64 | 1.14 | 52.00 | OK | |||
r-oldrel-macos-x86_64 | 1.14 | 82.00 | OK | |||
r-oldrel-windows-x86_64 | 1.14 | 3.00 | 91.00 | 94.00 | OK |
Version: 1.14
Check: re-building of vignette outputs
Result: ERROR
Error(s) in re-building vignettes:
--- re-building 'corrgram_cov2cor.Rmd' using rmarkdown
--- finished re-building 'corrgram_cov2cor.Rmd'
--- re-building 'corrgram_examples.Rmd' using rmarkdown
Quitting from lines at lines 225-242 [unnamed-chunk-1] (corrgram_examples.Rmd)
Error: processing vignette 'corrgram_examples.Rmd' failed with diagnostics:
cannot open the connection to 'https://github.com/alexanderrobitzsch/sirt/blob/master/data/data.ratings3.rda?raw=true'
--- failed re-building 'corrgram_examples.Rmd'
SUMMARY: processing the following file failed:
'corrgram_examples.Rmd'
Error: Vignette re-building failed.
Execution halted
Flavor: r-release-windows-x86_64
These binaries (installable software) and packages are in development.
They may not be fully stable and should be used with caution. We make no claims about them.