Last updated on 2024-05-04 03:50:16 CEST.
Flavor | Version | Tinstall | Tcheck | Ttotal | Status | Flags |
---|---|---|---|---|---|---|
r-devel-linux-x86_64-debian-clang | 0.92 | 3.98 | 86.42 | 90.40 | OK | |
r-devel-linux-x86_64-fedora-clang | 0.92 | 119.26 | NOTE | |||
r-devel-linux-x86_64-fedora-gcc | 0.92 | 130.01 | OK | |||
r-devel-windows-x86_64 | 0.92 | 6.00 | 68.00 | 74.00 | OK | |
r-patched-linux-x86_64 | 0.92 | 4.10 | 83.69 | 87.79 | OK | |
r-release-linux-x86_64 | 0.92 | 3.07 | 83.98 | 87.05 | OK | |
r-release-macos-arm64 | 0.92 | 35.00 | OK | |||
r-release-windows-x86_64 | 0.92 | 6.00 | 67.00 | 73.00 | OK | |
r-oldrel-macos-arm64 | 0.92 | 39.00 | OK | |||
r-oldrel-macos-x86_64 | 0.92 | 52.00 | OK | |||
r-oldrel-windows-x86_64 | 0.92 | 5.00 | 72.00 | 77.00 | OK |
Version: 0.92
Check: installed package size
Result: NOTE
installed size is 5.0Mb
sub-directories of 1Mb or more:
doc 4.8Mb
Flavor: r-devel-linux-x86_64-fedora-clang
These binaries (installable software) and packages are in development.
They may not be fully stable and should be used with caution. We make no claims about them.