Last updated on 2024-05-04 03:50:16 CEST.
Flavor | Version | Tinstall | Tcheck | Ttotal | Status | Flags |
---|---|---|---|---|---|---|
r-devel-linux-x86_64-debian-clang | 0.4.4 | 31.69 | 34.60 | 66.29 | NOTE | |
r-devel-linux-x86_64-fedora-clang | 0.4.4 | 82.89 | NOTE | |||
r-devel-linux-x86_64-fedora-gcc | 0.4.4 | 96.42 | NOTE | |||
r-devel-windows-x86_64 | 0.4.4 | 36.00 | 57.00 | 93.00 | NOTE | |
r-patched-linux-x86_64 | 0.4.4 | 36.62 | 35.14 | 71.76 | NOTE | |
r-release-linux-x86_64 | 0.4.4 | 35.28 | 35.83 | 71.11 | NOTE | |
r-release-macos-arm64 | 0.4.4 | 28.00 | NOTE | |||
r-release-windows-x86_64 | 0.4.4 | 34.00 | 55.00 | 89.00 | NOTE | |
r-oldrel-macos-arm64 | 0.4.4 | 32.00 | NOTE | |||
r-oldrel-macos-x86_64 | 0.4.4 | 45.00 | NOTE | |||
r-oldrel-windows-x86_64 | 0.4.4 | 40.00 | 75.00 | 115.00 | NOTE |
Version: 0.4.4
Check: LazyData
Result: NOTE
'LazyData' is specified without a 'data' directory
Flavors: r-devel-linux-x86_64-debian-clang, r-devel-linux-x86_64-fedora-clang, r-devel-linux-x86_64-fedora-gcc, r-devel-windows-x86_64, r-patched-linux-x86_64, r-release-linux-x86_64, r-release-macos-arm64, r-release-windows-x86_64, r-oldrel-macos-arm64, r-oldrel-macos-x86_64, r-oldrel-windows-x86_64
Version: 0.4.4
Check: installed package size
Result: NOTE
installed size is 13.5Mb
sub-directories of 1Mb or more:
libs 13.0Mb
Flavors: r-release-macos-arm64, r-oldrel-macos-arm64, r-oldrel-macos-x86_64
These binaries (installable software) and packages are in development.
They may not be fully stable and should be used with caution. We make no claims about them.