Last updated on 2024-05-04 03:50:17 CEST.
Flavor | Version | Tinstall | Tcheck | Ttotal | Status | Flags |
---|---|---|---|---|---|---|
r-devel-linux-x86_64-debian-clang | 1.1.3 | 6.72 | 127.92 | 134.64 | OK | |
r-devel-linux-x86_64-fedora-clang | 1.1.3 | 170.16 | OK | |||
r-devel-linux-x86_64-fedora-gcc | 1.1.3 | 185.15 | OK | |||
r-devel-windows-x86_64 | 1.1.3 | 8.00 | 113.00 | 121.00 | OK | |
r-patched-linux-x86_64 | 1.1.3 | 13.04 | 122.50 | 135.54 | OK | |
r-release-linux-x86_64 | 1.1.3 | 6.42 | 120.73 | 127.15 | OK | |
r-release-macos-arm64 | 1.1.3 | 60.00 | NOTE | |||
r-release-macos-x86_64 | 1.1.3 | 95.00 | OK | |||
r-release-windows-x86_64 | 1.1.3 | 8.00 | 113.00 | 121.00 | OK | |
r-oldrel-macos-arm64 | 1.1.3 | 53.00 | OK | |||
r-oldrel-macos-x86_64 | 1.1.3 | 107.00 | OK | |||
r-oldrel-windows-x86_64 | 1.1.3 | 11.00 | 134.00 | 145.00 | OK |
Version: 1.1.3
Check: package dependencies
Result: NOTE
Package suggested but not available for checking: ‘testthat’
Flavor: r-release-macos-arm64
These binaries (installable software) and packages are in development.
They may not be fully stable and should be used with caution. We make no claims about them.