Last updated on 2024-05-04 03:50:17 CEST.
Flavor | Version | Tinstall | Tcheck | Ttotal | Status | Flags |
---|---|---|---|---|---|---|
r-devel-linux-x86_64-debian-clang | 1.0.1 | 9.03 | 70.07 | 79.10 | NOTE | |
r-devel-linux-x86_64-fedora-clang | 1.0.1 | 99.13 | NOTE | |||
r-devel-linux-x86_64-fedora-gcc | 1.0.1 | 91.06 | NOTE | |||
r-devel-windows-x86_64 | 1.0.1 | 15.00 | 69.00 | 84.00 | NOTE | |
r-patched-linux-x86_64 | 1.0.1 | 7.94 | 64.91 | 72.85 | NOTE | |
r-release-linux-x86_64 | 1.0.1 | 9.22 | 65.74 | 74.96 | NOTE | |
r-release-macos-arm64 | 1.0.1 | 31.00 | NOTE | |||
r-release-windows-x86_64 | 1.0.1 | 14.00 | 69.00 | 83.00 | NOTE | |
r-oldrel-macos-arm64 | 1.0.1 | 33.00 | OK | |||
r-oldrel-macos-x86_64 | 1.0.1 | 55.00 | OK | |||
r-oldrel-windows-x86_64 | 1.0.1 | 15.00 | 81.00 | 96.00 | OK |
Version: 1.0.1
Check: Rd files
Result: NOTE
checkRd: (-1) gen_data.Rd:21: Lost braces in \itemize; \value handles \item{}{} directly
checkRd: (-1) gen_data.Rd:22: Lost braces in \itemize; \value handles \item{}{} directly
checkRd: (-1) gen_data.Rd:23-24: Lost braces in \itemize; \value handles \item{}{} directly
checkRd: (-1) plot.coxr.Rd:36: Lost braces in \itemize; \value handles \item{}{} directly
checkRd: (-1) plot.coxr.Rd:37: Lost braces in \itemize; \value handles \item{}{} directly
checkRd: (-1) plot.coxr.Rd:38-39: Lost braces in \itemize; \value handles \item{}{} directly
Flavors: r-devel-linux-x86_64-debian-clang, r-devel-linux-x86_64-fedora-clang, r-devel-linux-x86_64-fedora-gcc, r-devel-windows-x86_64, r-patched-linux-x86_64, r-release-linux-x86_64, r-release-macos-arm64, r-release-windows-x86_64
These binaries (installable software) and packages are in development.
They may not be fully stable and should be used with caution. We make no claims about them.