Last updated on 2024-05-04 03:50:17 CEST.
Flavor | Version | Tinstall | Tcheck | Ttotal | Status | Flags |
---|---|---|---|---|---|---|
r-devel-linux-x86_64-debian-clang | 2.3 | 34.93 | 32.63 | 67.56 | OK | |
r-devel-linux-x86_64-fedora-clang | 2.3 | 132.10 | NOTE | |||
r-devel-linux-x86_64-fedora-gcc | 2.3 | 270.31 | NOTE | |||
r-devel-windows-x86_64 | 2.3 | 76.00 | 58.00 | 134.00 | OK | |
r-patched-linux-x86_64 | 2.3 | 132.53 | 31.94 | 164.47 | OK | |
r-release-linux-x86_64 | 2.3 | 140.50 | 32.49 | 172.99 | OK | |
r-release-macos-arm64 | 2.3 | 30.00 | OK | |||
r-release-windows-x86_64 | 2.3 | 75.00 | 58.00 | 133.00 | OK | |
r-oldrel-macos-arm64 | 2.3 | 34.00 | OK | |||
r-oldrel-macos-x86_64 | 2.3 | 63.00 | OK | |||
r-oldrel-windows-x86_64 | 2.3 | 71.00 | 60.00 | 131.00 | OK |
Version: 2.3
Check: compiled code
Result: NOTE
File ‘cpm/libs/cpm.so’:
Found no calls to: ‘R_registerRoutines’, ‘R_useDynamicSymbols’
It is good practice to register native routines and to disable symbol
search.
See ‘Writing portable packages’ in the ‘Writing R Extensions’ manual.
Flavors: r-devel-linux-x86_64-fedora-clang, r-devel-linux-x86_64-fedora-gcc
These binaries (installable software) and packages are in development.
They may not be fully stable and should be used with caution. We make no claims about them.