Last updated on 2024-07-03 21:51:33 CEST.
Flavor | Version | Tinstall | Tcheck | Ttotal | Status | Flags |
---|---|---|---|---|---|---|
r-devel-linux-x86_64-debian-clang | 0.2.5 | 3.70 | 31.61 | 35.31 | OK | |
r-devel-linux-x86_64-debian-gcc | 0.2.5 | 2.40 | 24.20 | 26.60 | OK | |
r-devel-linux-x86_64-fedora-clang | 0.2.5 | 43.74 | NOTE | |||
r-devel-linux-x86_64-fedora-gcc | 0.2.5 | 53.99 | OK | |||
r-devel-windows-x86_64 | 0.2.5 | 7.00 | 50.00 | 57.00 | NOTE | |
r-patched-linux-x86_64 | 0.2.5 | 2.56 | 30.44 | 33.00 | OK | |
r-release-linux-x86_64 | 0.2.5 | 2.63 | 29.54 | 32.17 | OK | |
r-release-macos-arm64 | 0.2.5 | 28.00 | NOTE | |||
r-release-macos-x86_64 | 0.2.5 | 50.00 | NOTE | |||
r-release-windows-x86_64 | 0.2.5 | 5.00 | 50.00 | 55.00 | NOTE | |
r-oldrel-macos-arm64 | 0.2.5 | 28.00 | NOTE | |||
r-oldrel-macos-x86_64 | 0.2.5 | 70.00 | NOTE | |||
r-oldrel-windows-x86_64 | 0.2.5 | 6.00 | 50.00 | 56.00 | NOTE |
Version: 0.2.5
Check: installed package size
Result: NOTE
installed size is 6.8Mb
sub-directories of 1Mb or more:
include 6.4Mb
Flavors: r-devel-linux-x86_64-fedora-clang, r-devel-windows-x86_64, r-release-macos-arm64, r-release-macos-x86_64, r-release-windows-x86_64, r-oldrel-macos-arm64, r-oldrel-macos-x86_64, r-oldrel-windows-x86_64
These binaries (installable software) and packages are in development.
They may not be fully stable and should be used with caution. We make no claims about them.