Last updated on 2024-05-04 03:50:17 CEST.
Flavor | Version | Tinstall | Tcheck | Ttotal | Status | Flags |
---|---|---|---|---|---|---|
r-devel-linux-x86_64-debian-clang | 1.2.0 | 16.92 | 380.66 | 397.58 | OK | |
r-devel-linux-x86_64-fedora-clang | 1.2.0 | 510.70 | NOTE | |||
r-devel-linux-x86_64-fedora-gcc | 1.2.0 | 498.49 | OK | |||
r-devel-windows-x86_64 | 1.2.0 | 17.00 | 453.00 | 470.00 | OK | |
r-patched-linux-x86_64 | 1.2.0 | 22.54 | 380.69 | 403.23 | OK | |
r-release-linux-x86_64 | 1.2.0 | 20.20 | 374.85 | 395.05 | OK | |
r-release-macos-arm64 | 1.2.0 | 131.00 | OK | |||
r-release-windows-x86_64 | 1.2.0 | 16.00 | 452.00 | 468.00 | OK | |
r-oldrel-macos-arm64 | 1.2.0 | 121.00 | OK | |||
r-oldrel-macos-x86_64 | 1.2.0 | 246.00 | OK | |||
r-oldrel-windows-x86_64 | 1.2.0 | 25.00 | 467.00 | 492.00 | OK |
Version: 1.2.0
Check: Rd cross-references
Result: NOTE
Undeclared package ‘R2jags’ in Rd xrefs
Flavor: r-devel-linux-x86_64-fedora-clang
These binaries (installable software) and packages are in development.
They may not be fully stable and should be used with caution. We make no claims about them.