Last updated on 2024-05-04 03:50:17 CEST.
Flavor | Version | Tinstall | Tcheck | Ttotal | Status | Flags |
---|---|---|---|---|---|---|
r-devel-linux-x86_64-debian-clang | 0.2.3 | 10.11 | 113.47 | 123.58 | OK | |
r-devel-linux-x86_64-fedora-clang | 0.2.3 | 160.68 | NOTE | |||
r-devel-linux-x86_64-fedora-gcc | 0.2.3 | 174.88 | NOTE | |||
r-devel-windows-x86_64 | 0.2.3 | 12.00 | 103.00 | 115.00 | OK | |
r-patched-linux-x86_64 | 0.2.3 | 16.83 | 109.84 | 126.67 | OK | |
r-release-linux-x86_64 | 0.2.3 | 11.08 | 110.01 | 121.09 | OK | |
r-release-macos-arm64 | 0.2.3 | 53.00 | OK | |||
r-release-windows-x86_64 | 0.2.3 | 12.00 | 103.00 | 115.00 | OK | |
r-oldrel-macos-arm64 | 0.2.3 | 56.00 | OK | |||
r-oldrel-macos-x86_64 | 0.2.3 | 87.00 | OK | |||
r-oldrel-windows-x86_64 | 0.2.3 | 14.00 | 118.00 | 132.00 | OK |
Version: 0.2.3
Check: data for non-ASCII characters
Result: NOTE
Note: found 500 marked UTF-8 strings
Flavors: r-devel-linux-x86_64-fedora-clang, r-devel-linux-x86_64-fedora-gcc
These binaries (installable software) and packages are in development.
They may not be fully stable and should be used with caution. We make no claims about them.