Last updated on 2024-05-04 03:50:17 CEST.
Flavor | Version | Tinstall | Tcheck | Ttotal | Status | Flags |
---|---|---|---|---|---|---|
r-devel-linux-x86_64-debian-clang | 1.3.0 | 11.75 | 123.92 | 135.67 | OK | |
r-devel-linux-x86_64-fedora-clang | 1.3.0 | 164.57 | OK | |||
r-devel-linux-x86_64-fedora-gcc | 1.3.0 | 177.11 | OK | |||
r-devel-windows-x86_64 | 1.3.0 | 11.00 | 117.00 | 128.00 | OK | |
r-patched-linux-x86_64 | 1.3.0 | 16.38 | 117.03 | 133.41 | OK | |
r-release-linux-x86_64 | 1.3.0 | 9.17 | 113.63 | 122.80 | ERROR | |
r-release-macos-arm64 | 1.3.0 | 56.00 | OK | |||
r-release-macos-x86_64 | 1.3.0 | 122.00 | OK | |||
r-release-windows-x86_64 | 1.3.0 | 10.00 | 122.00 | 132.00 | OK | |
r-oldrel-macos-arm64 | 1.3.0 | 63.00 | OK | |||
r-oldrel-macos-x86_64 | 1.3.0 | 130.00 | OK | |||
r-oldrel-windows-x86_64 | 1.3.0 | 13.00 | 138.00 | 151.00 | OK |
Version: 1.3.0
Check: re-building of vignette outputs
Result: ERROR
Error(s) in re-building vignettes:
...
--- re-building ‘cryptoQuotes.Rmd’ using rmarkdown
Quitting from lines at lines 57-68 [unnamed-chunk-5] (cryptoQuotes.Rmd)
Error: processing vignette 'cryptoQuotes.Rmd' failed with diagnostics:
Failed writing received data to disk/application
--- failed re-building ‘cryptoQuotes.Rmd’
SUMMARY: processing the following file failed:
‘cryptoQuotes.Rmd’
Error: Vignette re-building failed.
Execution halted
Flavor: r-release-linux-x86_64
These binaries (installable software) and packages are in development.
They may not be fully stable and should be used with caution. We make no claims about them.