Last updated on 2024-05-04 03:50:17 CEST.
Flavor | Version | Tinstall | Tcheck | Ttotal | Status | Flags |
---|---|---|---|---|---|---|
r-devel-linux-x86_64-debian-clang | 1.9 | 20.44 | 129.34 | 149.78 | NOTE | |
r-devel-linux-x86_64-fedora-clang | 1.9 | 176.05 | NOTE | |||
r-devel-linux-x86_64-fedora-gcc | 1.9 | 163.78 | NOTE | |||
r-devel-windows-x86_64 | 1.9 | 14.00 | 99.00 | 113.00 | NOTE | |
r-patched-linux-x86_64 | 1.9 | 20.16 | 118.86 | 139.02 | NOTE | |
r-release-linux-x86_64 | 1.9 | 10.96 | 119.54 | 130.50 | NOTE | |
r-release-macos-arm64 | 1.9 | 52.00 | NOTE | |||
r-release-windows-x86_64 | 1.9 | 14.00 | 96.00 | 110.00 | NOTE | |
r-oldrel-macos-arm64 | 1.9 | 50.00 | OK | |||
r-oldrel-macos-x86_64 | 1.9 | 132.00 | OK | |||
r-oldrel-windows-x86_64 | 1.9 | 19.00 | 120.00 | 139.00 | OK |
Version: 1.9
Check: Rd files
Result: NOTE
checkRd: (-1) csvy.Rd:58: Lost braces in \itemize; meant \describe ?
checkRd: (-1) csvy.Rd:59: Lost braces in \itemize; meant \describe ?
checkRd: (-1) csvy.Rd:60: Lost braces in \itemize; meant \describe ?
Flavors: r-devel-linux-x86_64-debian-clang, r-devel-linux-x86_64-fedora-clang, r-devel-linux-x86_64-fedora-gcc, r-devel-windows-x86_64, r-patched-linux-x86_64, r-release-linux-x86_64, r-release-macos-arm64, r-release-windows-x86_64
These binaries (installable software) and packages are in development.
They may not be fully stable and should be used with caution. We make no claims about them.