Last updated on 2024-05-04 03:50:17 CEST.
Flavor | Version | Tinstall | Tcheck | Ttotal | Status | Flags |
---|---|---|---|---|---|---|
r-devel-linux-x86_64-debian-clang | 1.0.1 | 32.06 | 539.70 | 571.76 | OK | |
r-devel-linux-x86_64-fedora-clang | 1.0.1 | 692.18 | OK | |||
r-devel-linux-x86_64-fedora-gcc | 1.0.1 | 681.39 | OK | |||
r-devel-windows-x86_64 | 1.0.1 | 99.00 | 496.00 | 595.00 | OK | |
r-patched-linux-x86_64 | 1.0.1 | 33.99 | 510.09 | 544.08 | OK | |
r-release-linux-x86_64 | 1.0.1 | 28.89 | 514.71 | 543.60 | OK | |
r-release-macos-arm64 | 1.0.1 | 189.00 | OK | |||
r-release-windows-x86_64 | 1.0.1 | 91.00 | 498.00 | 589.00 | OK | |
r-oldrel-macos-arm64 | 1.0.1 | 209.00 | OK | |||
r-oldrel-macos-x86_64 | 1.0.1 | 6.00 | ERROR | |||
r-oldrel-windows-x86_64 | 1.0.1 | 120.00 | 637.00 | 757.00 | OK |
Version: 1.0.1
Check: package dependencies
Result: ERROR
Package required but not available: ‘ctmm’
See section ‘The DESCRIPTION file’ in the ‘Writing R Extensions’
manual.
Flavor: r-oldrel-macos-x86_64
These binaries (installable software) and packages are in development.
They may not be fully stable and should be used with caution. We make no claims about them.