Last updated on 2024-05-04 03:50:17 CEST.
Flavor | Version | Tinstall | Tcheck | Ttotal | Status | Flags |
---|---|---|---|---|---|---|
r-devel-linux-x86_64-debian-clang | 0.1-4 | 14.89 | 86.00 | 100.89 | OK | |
r-devel-linux-x86_64-fedora-clang | 0.1-4 | 126.82 | OK | |||
r-devel-linux-x86_64-fedora-gcc | 0.1-4 | 138.84 | OK | |||
r-devel-windows-x86_64 | 0.1-4 | 24.00 | 106.00 | 130.00 | OK | |
r-patched-linux-x86_64 | 0.1-4 | 12.02 | 83.54 | 95.56 | OK | |
r-release-linux-x86_64 | 0.1-4 | 13.38 | 82.09 | 95.47 | OK | |
r-release-macos-arm64 | 0.1-4 | 45.00 | NOTE | |||
r-release-windows-x86_64 | 0.1-4 | 23.00 | 106.00 | 129.00 | OK | |
r-oldrel-macos-arm64 | 0.1-4 | 50.00 | NOTE | |||
r-oldrel-macos-x86_64 | 0.1-4 | 74.00 | NOTE | |||
r-oldrel-windows-x86_64 | 0.1-4 | 27.00 | 112.00 | 139.00 | OK |
Version: 0.1-4
Check: package dependencies
Result: NOTE
Package which this enhances but not available for checking: ‘pbdMPI’
Flavors: r-release-macos-arm64, r-oldrel-macos-arm64, r-oldrel-macos-x86_64
These binaries (installable software) and packages are in development.
They may not be fully stable and should be used with caution. We make no claims about them.