Last updated on 2024-05-04 03:50:18 CEST.
Flavor | Version | Tinstall | Tcheck | Ttotal | Status | Flags |
---|---|---|---|---|---|---|
r-devel-linux-x86_64-debian-clang | 1.2 | 0.41 | 2.17 | 2.58 | ERROR | |
r-devel-linux-x86_64-fedora-clang | 1.2 | 534.22 | NOTE | |||
r-devel-linux-x86_64-fedora-gcc | 1.2 | 475.52 | NOTE | |||
r-devel-windows-x86_64 | 1.2 | 34.00 | 243.00 | 277.00 | NOTE | |
r-patched-linux-x86_64 | 1.2 | 24.76 | 343.00 | 367.76 | NOTE | |
r-release-linux-x86_64 | 1.2 | 25.60 | 344.72 | 370.32 | NOTE | |
r-release-macos-arm64 | 1.2 | 113.00 | NOTE | |||
r-release-macos-x86_64 | 1.2 | 305.00 | NOTE | |||
r-release-windows-x86_64 | 1.2 | 33.00 | 241.00 | 274.00 | NOTE | |
r-oldrel-macos-arm64 | 1.2 | 116.00 | NOTE | |||
r-oldrel-macos-x86_64 | 1.2 | 316.00 | NOTE | |||
r-oldrel-windows-x86_64 | 1.2 | 30.00 | 304.00 | 334.00 | NOTE |
Version: 1.2
Check: package dependencies
Result: ERROR
Packages required but not available: 'MLInterfaces', 'genefilter'
See section ‘The DESCRIPTION file’ in the ‘Writing R Extensions’
manual.
Flavor: r-devel-linux-x86_64-debian-clang
Version: 1.2
Check: LazyData
Result: NOTE
'LazyData' is specified without a 'data' directory
Flavors: r-devel-linux-x86_64-fedora-clang, r-devel-linux-x86_64-fedora-gcc, r-devel-windows-x86_64, r-patched-linux-x86_64, r-release-linux-x86_64, r-release-macos-arm64, r-release-macos-x86_64, r-release-windows-x86_64, r-oldrel-macos-arm64, r-oldrel-macos-x86_64, r-oldrel-windows-x86_64
These binaries (installable software) and packages are in development.
They may not be fully stable and should be used with caution. We make no claims about them.