Last updated on 2024-05-04 01:48:40 CEST.
Flavor | Version | Tinstall | Tcheck | Ttotal | Status | Flags |
---|---|---|---|---|---|---|
r-devel-linux-x86_64-debian-clang | 0.0.4 | 4.28 | 41.18 | 45.46 | OK | |
r-devel-linux-x86_64-fedora-clang | 0.0.4 | 58.21 | NOTE | |||
r-devel-linux-x86_64-fedora-gcc | 0.0.4 | 54.24 | NOTE | |||
r-devel-windows-x86_64 | 0.0.4 | 7.00 | 52.00 | 59.00 | OK | |
r-patched-linux-x86_64 | 0.0.4 | 3.25 | 41.13 | 44.38 | OK | |
r-release-linux-x86_64 | 0.0.4 | 4.57 | 39.68 | 44.25 | OK | |
r-release-macos-arm64 | 0.0.4 | 21.00 | OK | |||
r-release-windows-x86_64 | 0.0.4 | 6.00 | 51.00 | 57.00 | OK | |
r-oldrel-macos-arm64 | 0.0.4 | 28.00 | OK | |||
r-oldrel-macos-x86_64 | 0.0.4 | 42.00 | OK | |||
r-oldrel-windows-x86_64 | 0.0.4 | 7.00 | 55.00 | 62.00 | OK |
Version: 0.0.4
Check: data for non-ASCII characters
Result: NOTE
Note: found 2 marked UTF-8 strings
Flavors: r-devel-linux-x86_64-fedora-clang, r-devel-linux-x86_64-fedora-gcc
These binaries (installable software) and packages are in development.
They may not be fully stable and should be used with caution. We make no claims about them.