CRAN Package Check Results for Package dateback

Last updated on 2025-10-23 21:51:24 CEST.

Flavor Version Tinstall Tcheck Ttotal Status Flags
r-devel-linux-x86_64-debian-clang 1.0.5 1.79 23.67 25.46 NOTE
r-devel-linux-x86_64-debian-gcc 1.0.5 1.51 19.20 20.71 NOTE
r-devel-linux-x86_64-fedora-clang 1.0.5 37.07 OK
r-devel-linux-x86_64-fedora-gcc 1.0.5 34.54 OK
r-devel-windows-x86_64 1.0.5 2.00 99.00 101.00 OK
r-patched-linux-x86_64 1.0.5 1.46 22.29 23.75 OK
r-release-linux-x86_64 1.0.5 1.56 21.39 22.95 OK
r-release-macos-arm64 1.0.5 1.00 78.00 79.00 OK
r-release-macos-x86_64 1.0.5 2.00 89.00 91.00 OK
r-release-windows-x86_64 1.0.5 3.00 85.00 88.00 OK
r-oldrel-macos-arm64 1.0.5 1.00 32.00 33.00 OK
r-oldrel-macos-x86_64 1.0.5 2.00 93.00 95.00 OK
r-oldrel-windows-x86_64 1.0.5 3.00 100.00 103.00 OK

Check Details

Version: 1.0.5
Check: CRAN incoming feasibility
Result: NOTE Maintainer: ‘Ryota Suzuki <suzuki@ef-prime.com>’ No Authors@R field in DESCRIPTION. Please add one, modifying Authors@R: person(given = "Ryota", family = "Suzuki", role = c("aut", "cre"), email = "suzuki@ef-prime.com") as necessary. Flavors: r-devel-linux-x86_64-debian-clang, r-devel-linux-x86_64-debian-gcc

These binaries (installable software) and packages are in development.
They may not be fully stable and should be used with caution. We make no claims about them.