Last updated on 2024-05-04 01:48:40 CEST.
Flavor | Version | Tinstall | Tcheck | Ttotal | Status | Flags |
---|---|---|---|---|---|---|
r-devel-linux-x86_64-debian-clang | 0.1.0 | 7.42 | 158.03 | 165.45 | OK | |
r-devel-linux-x86_64-fedora-clang | 0.1.0 | 208.20 | NOTE | |||
r-devel-linux-x86_64-fedora-gcc | 0.1.0 | 214.26 | NOTE | |||
r-devel-windows-x86_64 | 0.1.0 | 9.00 | 120.00 | 129.00 | OK | |
r-patched-linux-x86_64 | 0.1.0 | 10.71 | 152.80 | 163.51 | OK | |
r-release-linux-x86_64 | 0.1.0 | 7.62 | 153.92 | 161.54 | OK | |
r-release-macos-arm64 | 0.1.0 | 63.00 | OK | |||
r-release-windows-x86_64 | 0.1.0 | 10.00 | 121.00 | 131.00 | OK | |
r-oldrel-macos-arm64 | 0.1.0 | 67.00 | OK | |||
r-oldrel-macos-x86_64 | 0.1.0 | 114.00 | OK | |||
r-oldrel-windows-x86_64 | 0.1.0 | 10.00 | 140.00 | 150.00 | OK |
Version: 0.1.0
Check: data for non-ASCII characters
Result: NOTE
Note: found 2534 marked UTF-8 strings
Flavors: r-devel-linux-x86_64-fedora-clang, r-devel-linux-x86_64-fedora-gcc
These binaries (installable software) and packages are in development.
They may not be fully stable and should be used with caution. We make no claims about them.