Last updated on 2024-05-04 01:48:40 CEST.
Flavor | Version | Tinstall | Tcheck | Ttotal | Status | Flags |
---|---|---|---|---|---|---|
r-devel-linux-x86_64-debian-clang | 0.2.0 | 1.66 | 22.28 | 23.94 | NOTE | |
r-devel-linux-x86_64-fedora-clang | 0.2.0 | 31.30 | NOTE | |||
r-devel-linux-x86_64-fedora-gcc | 0.2.0 | 29.42 | NOTE | |||
r-devel-windows-x86_64 | 0.2.0 | 3.00 | 40.00 | 43.00 | NOTE | |
r-patched-linux-x86_64 | 0.2.0 | 1.81 | 21.73 | 23.54 | NOTE | |
r-release-linux-x86_64 | 0.2.0 | 2.05 | 21.76 | 23.81 | NOTE | |
r-release-macos-arm64 | 0.2.0 | 15.00 | NOTE | |||
r-release-windows-x86_64 | 0.2.0 | 3.00 | 40.00 | 43.00 | NOTE | |
r-oldrel-macos-arm64 | 0.2.0 | 16.00 | NOTE | |||
r-oldrel-macos-x86_64 | 0.2.0 | 19.00 | NOTE | |||
r-oldrel-windows-x86_64 | 0.2.0 | 2.00 | 39.00 | 41.00 | NOTE |
Version: 0.2.0
Check: LazyData
Result: NOTE
'LazyData' is specified without a 'data' directory
Flavors: r-devel-linux-x86_64-debian-clang, r-devel-linux-x86_64-fedora-clang, r-devel-linux-x86_64-fedora-gcc, r-devel-windows-x86_64, r-patched-linux-x86_64, r-release-linux-x86_64, r-release-macos-arm64, r-release-windows-x86_64, r-oldrel-macos-arm64, r-oldrel-macos-x86_64, r-oldrel-windows-x86_64
These binaries (installable software) and packages are in development.
They may not be fully stable and should be used with caution. We make no claims about them.