Last updated on 2025-11-17 05:49:36 CET.
| Flavor | Version | Tinstall | Tcheck | Ttotal | Status | Flags |
|---|---|---|---|---|---|---|
| r-devel-linux-x86_64-debian-clang | 0.2.0 | 1.45 | 20.89 | 22.34 | OK | |
| r-devel-linux-x86_64-debian-gcc | 0.2.0 | 1.48 | 18.09 | 19.57 | OK | |
| r-devel-linux-x86_64-fedora-clang | 0.2.0 | 30.53 | OK | |||
| r-devel-linux-x86_64-fedora-gcc | 0.2.0 | 29.33 | OK | |||
| r-devel-windows-x86_64 | 0.2.0 | 3.00 | 38.00 | 41.00 | OK | |
| r-patched-linux-x86_64 | 0.2.0 | 1.54 | 18.35 | 19.89 | OK | |
| r-release-linux-x86_64 | 0.2.0 | 1.38 | 18.38 | 19.76 | OK | |
| r-release-macos-arm64 | 0.2.0 | 1.00 | 15.00 | 16.00 | OK | |
| r-release-macos-x86_64 | 0.2.0 | 1.00 | 22.00 | 23.00 | OK | |
| r-release-windows-x86_64 | 0.2.0 | 3.00 | 38.00 | 41.00 | OK | |
| r-oldrel-macos-arm64 | 0.2.0 | 1.00 | 14.00 | 15.00 | NOTE | |
| r-oldrel-macos-x86_64 | 0.2.0 | 1.00 | 21.00 | 22.00 | NOTE | |
| r-oldrel-windows-x86_64 | 0.2.0 | 3.00 | 43.00 | 46.00 | NOTE |
Version: 0.2.0
Check: LazyData
Result: NOTE
'LazyData' is specified without a 'data' directory
Flavors: r-oldrel-macos-arm64, r-oldrel-macos-x86_64, r-oldrel-windows-x86_64
These binaries (installable software) and packages are in development.
They may not be fully stable and should be used with caution. We make no claims about them.